{"id":173,"date":"2018-02-06T17:30:53","date_gmt":"2018-02-06T15:30:53","guid":{"rendered":"https:\/\/nyblin.fi\/dev\/?page_id=173"},"modified":"2026-09-04T14:29:47","modified_gmt":"2026-09-04T11:29:47","slug":"erbjudanden","status":"publish","type":"page","link":"https:\/\/nyblin.fi\/sv\/erbjudanden\/","title":{"rendered":"Erbjudanden"},"content":{"rendered":"<p>September &#8211; erbjudanden<\/p>\n<p>&nbsp;<\/p>\n<p>&nbsp;<\/p>\n<div>\n<h3><strong>LINKEDIN-PAKET<\/strong><\/h3>\n<p><strong>Ge ditt professionella intryck ett lyft med ett h\u00f6gklassigt portr\u00e4tt.<\/strong><br \/>\nPerfekt f\u00f6r LinkedIn, CV, f\u00f6retagspresentationer och sociala medier. Ett professionellt portr\u00e4tt st\u00e4rker ditt personliga varum\u00e4rke och ger ett seri\u00f6st f\u00f6rsta intryck. 90,-<\/p>\n<\/div>\n<p>&nbsp;<\/p>\n<p>&nbsp;<\/p>\n<div>\n<h3><strong>SM\u00c5BARN- OCH F\u00d6R\u00c4LDRAPAKET<\/strong><\/h3>\n<p><strong>Skapa minnen f\u00f6r livet med en varm och personlig fotografering.<\/strong><br \/>\nPaketet inkluderar:<\/p>\n<ul>\n<li><strong>15 bilder\/tagningar i olika poser och uppst\u00e4llningar<\/strong><\/li>\n<li><strong>Fotografering av b\u00e5de barn och f\u00f6r\u00e4ldrar<\/strong><\/li>\n<li><strong>3 utvalda f\u00f6rstoringar i format 13 \u00d7 18 cm<\/strong><\/li>\n<\/ul>\n<p>Perfekt f\u00f6r att f\u00e5nga familjens finaste stunder p\u00e5 bild. 112,-<\/p>\n<p>&nbsp;<\/p>\n<\/div>\n<p>&nbsp;<\/p>\n<p><img loading=\"lazy\" decoding=\"async\" class=\"alignnone wp-image-1322\" src=\"https:\/\/nyblin.fi\/wp-content\/uploads\/2021\/10\/presentkort-300x168.jpg\" alt=\"\" width=\"198\" height=\"111\" srcset=\"https:\/\/nyblin.fi\/wp-content\/uploads\/2021\/10\/presentkort-300x168.jpg 300w, https:\/\/nyblin.fi\/wp-content\/uploads\/2021\/10\/presentkort-1024x574.jpg 1024w, https:\/\/nyblin.fi\/wp-content\/uploads\/2021\/10\/presentkort-768x431.jpg 768w, https:\/\/nyblin.fi\/wp-content\/uploads\/2021\/10\/presentkort-1536x861.jpg 1536w, https:\/\/nyblin.fi\/wp-content\/uploads\/2021\/10\/presentkort-830x465.jpg 830w, https:\/\/nyblin.fi\/wp-content\/uploads\/2021\/10\/presentkort-230x129.jpg 230w, https:\/\/nyblin.fi\/wp-content\/uploads\/2021\/10\/presentkort-350x196.jpg 350w, https:\/\/nyblin.fi\/wp-content\/uploads\/2021\/10\/presentkort-480x269.jpg 480w, https:\/\/nyblin.fi\/wp-content\/uploads\/2021\/10\/presentkort.jpg 2048w\" sizes=\"auto, (max-width: 198px) 100vw, 198px\" \/>\u00a0 \u00a0 \u00d6verraska din v\u00e4n \/ familj med ett presentkort<\/p>\n<p>&nbsp;<\/p>\n<p>&nbsp;<\/p>\n<p>&nbsp;<\/p>\n","protected":false},"excerpt":{"rendered":"<p>September &#8211; erbjudanden &nbsp; &nbsp; LINKEDIN-PAKET Ge ditt professionella intryck ett lyft med ett h\u00f6gklassigt portr\u00e4tt. Perfekt f\u00f6r LinkedIn, CV, f\u00f6retagspresentationer och sociala medier. Ett professionellt portr\u00e4tt st\u00e4rker ditt personliga varum\u00e4rke och ger ett seri\u00f6st f\u00f6rsta intryck. 90,- &nbsp; &nbsp; SM\u00c5BARN- OCH F\u00d6R\u00c4LDRAPAKET Skapa minnen f\u00f6r livet med en varm och personlig fotografering. Paketet inkluderar: [&hellip;]<\/p>\n","protected":false},"author":1,"featured_media":154,"parent":0,"menu_order":0,"comment_status":"closed","ping_status":"closed","template":"","meta":{"_acf_changed":false,"footnotes":""},"class_list":["post-173","page","type-page","status-publish","has-post-thumbnail","hentry"],"acf":[],"_links":{"self":[{"href":"https:\/\/nyblin.fi\/sv\/wp-json\/wp\/v2\/pages\/173","targetHints":{"allow":["GET"]}}],"collection":[{"href":"https:\/\/nyblin.fi\/sv\/wp-json\/wp\/v2\/pages"}],"about":[{"href":"https:\/\/nyblin.fi\/sv\/wp-json\/wp\/v2\/types\/page"}],"author":[{"embeddable":true,"href":"https:\/\/nyblin.fi\/sv\/wp-json\/wp\/v2\/users\/1"}],"replies":[{"embeddable":true,"href":"https:\/\/nyblin.fi\/sv\/wp-json\/wp\/v2\/comments?post=173"}],"version-history":[{"count":122,"href":"https:\/\/nyblin.fi\/sv\/wp-json\/wp\/v2\/pages\/173\/revisions"}],"predecessor-version":[{"id":2557,"href":"https:\/\/nyblin.fi\/sv\/wp-json\/wp\/v2\/pages\/173\/revisions\/2557"}],"wp:featuredmedia":[{"embeddable":true,"href":"https:\/\/nyblin.fi\/sv\/wp-json\/wp\/v2\/media\/154"}],"wp:attachment":[{"href":"https:\/\/nyblin.fi\/sv\/wp-json\/wp\/v2\/media?parent=173"}],"curies":[{"name":"wp","href":"https:\/\/api.w.org\/{rel}","templated":true}]}}

<p>September &#8211; erbjudanden</p>
<p>&nbsp;</p>
<p>&nbsp;</p>
<div>
<h3><strong>LINKEDIN-PAKET</strong></h3>
<p><strong>Ge ditt professionella intryck ett lyft med ett högklassigt porträtt.</strong><br />
Perfekt för LinkedIn, CV, företagspresentationer och sociala medier. Ett professionellt porträtt stärker ditt personliga varumärke och ger ett seriöst första intryck. 90,-</p>
</div>
<p>&nbsp;</p>
<p>&nbsp;</p>
<div>
<h3><strong>SMÅBARN- OCH FÖRÄLDRAPAKET</strong></h3>
<p><strong>Skapa minnen för livet med en varm och personlig fotografering.</strong><br />
Paketet inkluderar:</p>
<ul>
<li><strong>15 bilder/tagningar i olika poser och uppställningar</strong></li>
<li><strong>Fotografering av både barn och föräldrar</strong></li>
<li><strong>3 utvalda förstoringar i format 13 × 18 cm</strong></li>
</ul>
<p>Perfekt för att fånga familjens finaste stunder på bild. 112,-</p>
<p>&nbsp;</p>
</div>
<p>&nbsp;</p>
<p><img loading="lazy" decoding="async" class="alignnone wp-image-1322" src="https://nyblin.fi/wp-content/uploads/2021/10/presentkort-300x168.jpg" alt="" width="198" height="111" srcset="https://nyblin.fi/wp-content/uploads/2021/10/presentkort-300x168.jpg 300w, https://nyblin.fi/wp-content/uploads/2021/10/presentkort-1024x574.jpg 1024w, https://nyblin.fi/wp-content/uploads/2021/10/presentkort-768x431.jpg 768w, https://nyblin.fi/wp-content/uploads/2021/10/presentkort-1536x861.jpg 1536w, https://nyblin.fi/wp-content/uploads/2021/10/presentkort-830x465.jpg 830w, https://nyblin.fi/wp-content/uploads/2021/10/presentkort-230x129.jpg 230w, https://nyblin.fi/wp-content/uploads/2021/10/presentkort-350x196.jpg 350w, https://nyblin.fi/wp-content/uploads/2021/10/presentkort-480x269.jpg 480w, https://nyblin.fi/wp-content/uploads/2021/10/presentkort.jpg 2048w" sizes="auto, (max-width: 198px) 100vw, 198px" />    Överraska din vän / familj med ett presentkort</p>
<p>&nbsp;</p>
<p>&nbsp;</p>
<p>&nbsp;</p>

<p>September &#8211; erbjudanden &nbsp; &nbsp; LINKEDIN-PAKET Ge ditt professionella intryck ett lyft med ett högklassigt porträtt. Perfekt för LinkedIn, CV, företagspresentationer och sociala medier. Ett professionellt porträtt stärker ditt personliga varumärke och ger ett seriöst första intryck. 90,- &nbsp; &nbsp; SMÅBARN- OCH FÖRÄLDRAPAKET Skapa minnen för livet med en varm och personlig fotografering. Paketet inkluderar: [&hellip;]</p>
